l is divided by 99?
93
Suppose 19*o - 39 - 39 - 17 = 0. Let p = 10 + -4. Calculate the remainder when p is divided by o.
1
Let t(b) = -2*b - 5. Let z(s) = s + 2. Let g(q) = -2*t(q) - 5*z(q). Suppose 35*u = -8030 + 8625. Calculate the remainder when u is divided by g(-3).
2
Let q(p) = 48 - 8*p - 11*p - 86 + 54 + p**2. Calculate the remainder when 191 is divided by q(19).
15
Let f(n) = 85*n + 2098. What is the remainder when f(-23) is divided by 132?
11
Suppose -168*g + 4*d = -165*g - 112, 0 = 3*g - d - 118. Calculate the remainder when 379 is divided by g.
19
Suppose 104*n = 125*n - 441. What is the remainder when 142 is divided by n?
16
Suppose -54 - 498 = -12*k. Suppose -2*g + 6*g - 120 = 0. Calculate the remainder when k is divided by g.
16
Let p(i) = 4*i**3 + 797*i**2 + 208*i + 2335. Calculate the remainder when p(-199) is divided by 2/((-2)/(-43)) - 1.
40
Suppose 15*r - 5*r - 30 = 0. Suppose r*v - 27 = 15. Calculate the remainder when 40 is divided by v.
12
Let w(g) = 4 - 9*g + g - 3 - 4*g. Let s be w(5). Let m = s - -106. Calculate the remainder when m is divided by 6.
5
Suppose -2*g + 4*g = -4*c + 26, -1 = -g. Suppose 0 = c*f + 63 - 147. What is the remainder when f is divided by 12?
2
What is the remainder when 2834 is divided by (-1556)/(-26) + 216/(-2652) + 96/408?
14
Let r(l) = l**2 - 12*l - 74. What is the remainder when r(21) is divided by 21?
10
Let h be (-5)/((-10)/(-27))*2. Suppose -137 = -4*i + q, 0*q + 184 = 5*i + 3*q. Calculate the remainder when i is divided by h/(-2)*14/21.
8
Let h(d) = -d**2 + 157*d - 2864. What is the remainder when h(23) is divided by 107?
4
Let a be (-2*3/6)/(16/(-7232)). Let o = a - 397. What is the remainder when o is divided by 19?
17
Let f = -107 - -109. Suppose 5*o + 36 = 2*r, f*o = r + r - 42. Suppose -4*g + j = -3*j - 340, 0 = 5*g + j - 455. What is the remainder when g is divided by r?
21
Suppose 8547 = 127*g + 2013 - 832. Let z = -202 + 490. Calculate the remainder when z is divided by g.
56
Let u = 1495 + -2258. Let q = u - -802. What is the remainder when 739 is divided by q?
37
Let k(s) = 50*s + 139. Let a be k(-46). Let w = a + 3336. What is the remainder when w is divided by 38?
35
Suppose 1416*a = 1020*a + 1158696. Calculate the remainder when a is divided by 29.
26
Let x(j) = -19*j + 20. Let t be x(-9). Suppose -t + 499 = 14*d. Calculate the remainder when 31 is divided by d.
9
Let h(c) be the first derivative of -c**2/2 - 6*c - 9. Let z = -1272 - -1290. Calculate the remainder when z is divided by h(-12).
0
Let p = -199 + 199. What is the remainder when 367 is divided by -8*(-2 + p + (-232)/32)?
71
Let z be ((-8)/(-10))/(11/(-880)*-16). Suppose z*c = 3*l + 797 - 9, 0 = 3*c + 3*l - 591. What is the remainder when c is divided by 51?
44
Let f(r) = 4*r**3 - r**2 - 8*r - 14. What is the remainder when f(3) is divided by 57?
4
Suppose 5*q = 5*k + 335, 0 = -4*q + 28*k - 27*k + 253. Calculate the remainder when 382 is divided by q.
10
Suppose 0 = 3*n + 4 - 13, -4*n = -2*k + 456. Suppose 4*p + k = b, 2*p = -4*b - p + 993. Calculate the remainder when b is divided by 10.
6
Suppose 8*y = -6*y + 1232. What is the remainder when 495 is divided by y?
55
Let u = -262 - -255. Let t(l) = -19*l - 124. What is the remainder when t(u) is divided by (4/(-3))/((-4)/6)?
1
Let r be 4/8 - (-1)/(10/495). Suppose 4*m = -3*t + 61, 4*m + m = 5*t + r. Calculate the remainder when 44 is divided by m.
5
Suppose -4*v + u + u = -202, 5*u - 171 = -3*v. What is the remainder when ((-42)/12)/((30/4)/15) + 99 is divided by v?
40
Suppose 6*p + 4*f = 2*p - 60, -3*p - 15 = -3*f. What is the remainder when 2310/(-175)*p/4 is divided by 9?
6
Suppose -209*a + 3*c - 150 = -213*a, 0 = -c + 2. Suppose -3*g = 5*i - 846, -9 = 3*g - 0*g. What is the remainder when i is divided by a?
27
Let d = 8240 - 7372. Calculate the remainder when 895 is divided by d.
27
Let h(f) = -9 - 63 - 51 - 47 + 10 - 98*f. Calculate the remainder when h(-3) is divided by 34.
32
Let h = -339 - -409. Calculate the remainder when h is divided by 36.
34
Let m(v) = 2*v**2 - 11*v - 54. Let j = -5 + 21. Let l be m(j). Suppose l = -10*u + 16*u. Calculate the remainder when 138 is divided by u.
44
Let u = -67 - -94. What is the remainder when -5*2601/(-170)*2 + 1 + 6 is divided by u?
25
Suppose 3*p = -p + 224. Suppose 0 = -l - l + p. What is the remainder when ((-137)/(-5))/((-43)/(-215)) is divided by l?
25
Let l(k) = -2*k**3 - 3*k**2 - k + 2. Let j = -40 + 45. Suppose 6 = -j*u - 4. Calculate the remainder when l(u) is divided by 3.
2
Let u be (0 + (-738)/4)*-6. Suppose 1377 = 3*w + 2*w + c, 4*w = c + u. Calculate the remainder when w is divided by 9.
6
Let d be (-35)/(-5) - (-1 + 8/2). Suppose -2*q + d*s = -32, 4 + 5 = q + 5*s. Suppose q*r - 379 = -15. What is the remainder when 49 is divided by r?
23
Suppose -20 = -5*u - 4*b + 8, 16 = 5*u - 2*b. Suppose 0 = q + 2*k - 7, -2*k + 6 = q + k. Calculate the remainder when q is divided by u.
1
Let g(l) = -l**3 - 3*l**2 + 77*l + 91. Suppose 6 + 3 = 3*k. Suppose -4*v + 3*v - 367 = -k*c, 125 = c - 3*v. Calculate the remainder when c is divided by g(-10).
17
Let f = 22 - 6. Suppose 10 = f*z - 11*z. Suppose -g = -d - 31, -2*g - z*g + 114 = d. Calculate the remainder when g is divided by 4.
1
Suppose -3*p = -2*z - 8, 3*p = p + 4*z. Calculate the remainder when (-1)/(p/14 + (-141)/469) is divided by 23.
21
What is the remainder when 8/(-28) + 39708/63 is divided by 58?
50
Suppose 2*i + 521 = 59. Let w = -137 - i. Let y = -6 + w. What is the remainder when y is divided by 23?
19
Suppose 6*g = 10*g - 20. Let c(k) = 17*k**3 + 33*k**2 + 1 - 15*k**2 - 16*k**2 - 2*k. Calculate the remainder when c(1) is divided by g.
3
Suppose -1336*a + 26296 + 207187 = -69789. Calculate the remainder when a is divided by 0 - (-1 + 114/(-2)).
53
Let w = 787 + -451. Suppose 212*f - 219*f = -w. Suppose 7 = 3*m - 8. What is the remainder when f is divided by m?
3
Let w = 59 - 320. Calculate the remainder when 69 is divided by ((-8)/6)/2*w/6.
11
Let n = 24987 + -24755. Calculate the remainder when 6724 is divided by n.
228
What is the remainder when -6 - (360/(-216))/((-2)/(-246) - 0) is divided by 20?
19
Let q(b) = b + 10. Suppose 2*l - 8*l + 636 = 0. Let w = -104 + l. What is the remainder when q(-7) is divided by w?
1
Let b(m) = -62*m + 757. What is the remainder when (-19)/(22/12 - 2) is divided by b(12)?
10
Suppose j - 8 = 11*v - 12*v, 3*j - v - 4 = 0. Let c be 2/4*12 - -2. Suppose 7*o - 3*o - c = 0. Calculate the remainder when j is divided by o.
1
Let m(b) = 6*b + 46 + 6*b + 4*b - 6*b. Let p be m(-5). What is the remainder when 8 - (-12)/p*-1 is divided by 3?
2
What is the remainder when 72004/423 - 2/9 - -4 is divided by 39?
18
Let r = -55 + 86. Let f be (0 - 6)*7/(-14). What is the remainder when r is divided by 2/f + (-62)/(-6)?
9
Suppose 0*r - 5*k + 952 = 2*r, 4*r + k - 1886 = 0. Let n = -134 + r. What is the remainder when n is divided by 109?
10
Let a(u) = -u**3 + 58*u**2 - 355*u - 22. What is the remainder when 311 is divided by a(51)?
71
Suppose 18*x - 43*x = -5050. What is the remainder when 212 is divided by x?
10
Let z(u) = u**3 + 15*u**2 - 18*u - 29. Let o be z(-16). Suppose -o*j + 20*j = 119. What is the remainder when 52 is divided by j?
3
Let v = -512134 - -512139. Suppose -g = -3*g + 10, a + g + 53 = 0. Calculate the remainder when a/(-4) - (-1)/2 is divided by v.
0
Calculate the remainder when 21458 is divided by (-2)/5*-40*3*(-30)/(-72).
18
Let r(n) be the first derivative of -25*n**2/2 - 153*n + 144. Calculate the remainder when 36 is divided by r(-7).
14
Let f = 60 + -127. Suppose -1309 + 0 = -11*y. Let w = f + y. What is the remainder when w is divided by 14?
10
Let o = -8376 + 8842. Calculate the remainder when o is divided by 29.
2
Suppose 0 = -3*n + 3*a + 820 - 73, -3*n + 742 = 2*a. What is the remainder when n is divided by 50?
48
Calculate the remainder when (-57260)/(-40)*((-10)/15 - (-296)/84) is divided by 4.
2
Suppose 9835 = 2*k + 9637. Calculate the remainder when 1382 is divided by k.
95
Let l(b) = b + 14. Let r be l(-10). Suppose -2*q + 32 = r*h, -5*h + 25 = 3*q - 24. What is the remainder when 466/14 + ((-40)/(-28))/(-5) is divided by q?
15
Let s(m) = m**2 - m. Let z(c) = 6*c**2 + 138*c + 30. Calculate the re